43*w - 450. List the prime factors of i(16).
2, 7, 17
Suppose 4*t + 5*d + 4 = 1, -5*t + 27 = -4*d. Suppose 128 + 292 = t*n. List the prime factors of n.
2, 5, 7
Let g = 7 + -7. Suppose 8*d - 3*d + 5 = 0, -5*s - 4*d + 131 = g. List the prime factors of s.
3
Suppose 2279*f - 2291*f = -14904. What are the prime factors of f?
2, 3, 23
Let r(f) = 2*f + 72. List the prime factors of r(-5).
2, 31
What are the prime factors of (30942/(-72))/((-8)/32)?
3, 191
Let u(s) = -2*s - 12. Let v be u(-6). Suppose v = q + q - 360. Suppose -72 = -4*x + q. What are the prime factors of x?
3, 7
Let p = -6105 - -12212. List the prime factors of p.
31, 197
Let i = 34 + -24. Suppose 10 = 5*v - 4*s - i, -3*s - 15 = -4*v. Suppose -2*u - 3*o + 98 = v, 138 = 4*u + 4*o - 50. What are the prime factors of u?
43
Suppose -t + 16 = 3*t, 2*t + 1012 = 2*n. Suppose -5*p + 388 = -2*x, -n = -5*p - 2*x - 118. List the prime factors of p.
2, 3, 13
Suppose 0 = 2*b + 5*a - 0*a - 422, 0 = 2*b - 3*a - 422. Suppose -233 = -3*i + b. List the prime factors of i.
2, 37
Suppose t - 4*l + 4 = -t, -3*l + 3 = -3*t. Suppose -5*d + 0*d + 130 = t. List the prime factors of d.
2, 13
Suppose 0 = s - 5*s + 20, -3*t + 8572 = -s. List the prime factors of t.
3, 953
What are the prime factors of (-1)/((2475/(-490))/5 + 1)?
2, 7
Let t = -710 - -1054. List the prime factors of t.
2, 43
Let h be 14/49 - 10/(-14). Let u be (82 - 6) + (1 - h). Suppose -2*d = -u - 26. What are the prime factors of d?
3, 17
Let k(b) = -5*b + 20. Suppose 0 = 5*g - 5*h + 70, 0*h - 20 = 2*g + 2*h. What are the prime factors of k(g)?
2, 5
Let u = 107 + 405. What are the prime factors of u?
2
Suppose 0 = 12*p - 8*p + 88. Let l = 25 + p. Suppose l*c - 12 = -3*m - 3, m = -3*c - 7. List the prime factors of m.
2
Let n(j) = 5*j - 8. Let c be n(5). Let h = c - 10. Suppose -8*y + h*y + 24 = 0. List the prime factors of y.
2, 3
Let i(s) = -s**3 - 5*s**2 + 6*s + 3. Let r be i(-6). Suppose 2*g = -g - r*a + 141, g = -4*a + 53. Suppose -g + 240 = 5*p. List the prime factors of p.
3, 13
Let s(b) = 4*b**3 + 35*b**2 - b - 19. What are the prime factors of s(-8)?
181
Suppose -14 = 10*f - 12*f. Suppose -5*d = -2*z - 653, f*d - 9*d = -z - 262. List the prime factors of d.
3, 43
List the prime factors of (-10)/45 - 96/54 - -574.
2, 11, 13
Suppose 4*o + 1197 = 3*c - o, 5*c + 4*o - 1958 = 0. List the prime factors of c.
2, 197
Suppose -4*q - 4*b + 1 = -q, 3*b = -2*q - 1. List the prime factors of 2/q - (-26400)/112.
2, 59
Let j(k) = -3*k**3 + 6*k**2 + 27*k + 77. What are the prime factors of j(-8)?
13, 137
Let v be (-11)/(-3) + (-1)/(-3). Suppose 0 = -89*i + 57*i + 96. Suppose k - i*l = 12, v*k = 3*k - 4*l + 40. What are the prime factors of k?
2, 3
Suppose b - 6 = -b. What are the prime factors of 1018/16 - b/(-8)?
2
Suppose -79 = 16*a - 575. Suppose -2*d - 7 = -4*c - a, -3*d - c + 22 = 0. List the prime factors of d.
2
Suppose 2581 = 6*p + 97. Let w = p - 176. What are the prime factors of w?
2, 7, 17
Let q = 30 - 13. Let t = 21 - q. List the prime factors of t.
2
Let s(q) = 152*q**2 - 10*q - 11. What are the prime factors of s(-3)?
19, 73
Suppose -3*u - 2*d + 232 = 0, 2*u - 4*u = -4*d - 160. Suppose -5*h = -u - 102. What are the prime factors of h?
2, 3
Suppose -4*b - 2*f - 2 = 2, -5*f + 32 = -4*b. Let w be (1/b)/(11/(-4983)). Suppose 0 = 3*x + 4 - w. List the prime factors of x.
7
Let q = -37 + 41. Let y be (0 + -1)/(3/(-12)). Suppose 3*g + 20 = -p + 63, -q*g - 108 = -y*p. What are the prime factors of p?
31
Let x be 2/9 - ((-44)/(-36) - 3). List the prime factors of -1 + 155/3 - x/(-6).
3, 17
List the prime factors of 4210 + (6 + (-11)/1 - -8).
11, 383
Let p(j) = j**2 + 2*j - 15. Let f be p(-7). Let m = 32 - f. Suppose 0 = 4*b + m, 5*x - 2*x - 4*b = 51. What are the prime factors of x?
13
Let o be (-12)/(-5) + (-4)/10. Suppose -149 = -o*l - m, 345 = 5*l + 4*m - 7*m. What are the prime factors of l?
2, 3
Let c = -456 - -619. List the prime factors of c.
163
Let d = 1643 + -733. Suppose 3*j = -5*c + 1136, -8*j + 5*j + d = 4*c. List the prime factors of c.
2, 113
Let p = -1848 + 2659. List the prime factors of p.
811
Let z(l) = -14*l - 13. Let q(p) = 5*p + 4. Let w(f) = -11*q(f) - 4*z(f). Suppose 5*d + 34 = -c, -5*d - 5*c - 22 = 28. What are the prime factors of w(d)?
2
Let v = 898 - 328. List the prime factors of v.
2, 3, 5, 19
Suppose -20*s + 16*s = -28. Let n(l) = 4*l - 4. Let m(r) = r - 1. Let f(k) = 9*m(k) - 2*n(k). List the prime factors of f(s).
2, 3
Let l(h) = -9*h. Suppose 2*d - 4*d - 15 = -u, -2*u + 15 = -d. Let s be l(u). Let i = -25 - s. List the prime factors of i.
2, 5
Let y be -2 + (5/1 - 0). Suppose -4*n = 3*h - 764 + 190, 2*n - 296 = y*h. What are the prime factors of n?
5, 29
Let g = 5 - 134. Let y = 224 + g. List the prime factors of y.
5, 19
Let f be (-402)/(-9) - (-4)/(-6). Let z = -25 + f. Suppose 61 = b + 2*o + z, 0 = 4*b + 2*o - 144. List the prime factors of b.
2, 17
Suppose 6*i = i + m - 157, i + 4*m = -44. Let a = 31 - i. Let z = a + -40. What are the prime factors of z?
23
Let n(b) = 190*b**2 - 1. Let c be n(1). Let f = c - 135. List the prime factors of f.
2, 3
Suppose 4*o = 4*j + 1560, j + 466 = 2*o - 311. What are the prime factors of o?
3, 43
Let w = -32 + 28. List the prime factors of (-9 + -19)*3/w.
3, 7
Suppose 5*l = 2*a - 3363, -5*a + l - 2*l = -8367. Suppose -a = 5*d - 11*d. Suppose -4*z + 13*z - d = 0. What are the prime factors of z?
31
Let y be (-27)/(6/105 - (-5)/(-25)). Let d = 340 - y. List the prime factors of d.
151
Suppose 516 = 4*y + 80. Let s = y + 44. List the prime factors of s.
3, 17
Let b(w) be the third derivative of 0 + 11*w**2 - 1/24*w**4 + 0*w + 1/60*w**5 + 1/6*w**3. What are the prime factors of b(2)?
3
Let f(y) = -3*y + 3. Let w be 5*(-26)/14 + (-24)/(-84). List the prime factors of f(w).
2, 3, 5
Let v(m) = 2*m - 8. Let j be v(5). Suppose -2*w = -j*r + 100, 3*r - 4*w - 138 = -5*w. List the prime factors of r.
47
Let z be (4 + 2 + -18)/(-1). Let l = 140 + z. List the prime factors of l.
2, 19
Suppose 3*y - a - 85 = -278, -2*a = -2. Let q = y + 286. What are the prime factors of q?
2, 3, 37
Let n(v) be the third derivative of -v**6/120 + 2*v**5/15 - v**4/6 - v**3/3 + v**2. Let k = 3 - -4. What are the prime factors of n(k)?
19
Let z(t) = -4*t**3 + 4*t**2 + t - 4. Let o be z(3). Let s be o/(-3) - (-10)/15. What are the prime factors of s - 6/9*-3?
3
Let y be 70/2 - 12/(-6). Let n = -35 + y. Suppose 0 = n*f + 25 - 137. List the prime factors of f.
2, 7
Suppose -8*l + 15200 = 2400. List the prime factors of l.
2, 5
List the prime factors of (-6 - -4) + 7008/3.
2, 3, 389
Let x(g) = 38*g**2 + g - 1. Let s be x(-2). Let w = 215 - s. Let o = 94 - w. List the prime factors of o.
2, 7
Suppose 2*u = -3*b - 6, -u + b + 8 - 1 = 0. Suppose -2*v - 5 = -u*v. Let l(o) = 4*o + 4. List the prime factors of l(v).
2, 3
What are the prime factors of (11882/6)/((-37)/(-111))?
13, 457
Let d be 6/(-14) - (-534)/21. Let z = -5 + d. Let k = 40 - z. What are the prime factors of k?
2, 5
Suppose 3*p + 47*i - 45*i = 5129, 4*p + 5*i - 6827 = 0. What are the prime factors of p?
3, 571
Suppose a - 28 = -o, 3*o + 3*a - 2*a - 92 = 0. Let c = 47 - o. What are the prime factors of c?
3, 5
Suppose -5*t - 875 = -5*y, -2*t = 4*y - 0*t - 718. Let w = 302 - y. What are the prime factors of w?
2, 31
Let c = -17 - -16. Let o be (-3 - -4)*c + 201. Suppose -15*d + 11*d + o = 0. List the prime factors of d.
2, 5
Let m = 38 + -35. Suppose -13*o + 1420 = -m*o. List the prime factors of o.
2, 71
Let g(b) = 2*b**3 + 44*b**2 + 30*b + 4. List the prime factors of g(-21).
2
Let l(g) = g**3 - 3*g**2 - 2*g - 6. Let m be l(4). Suppose 615 = 5*j - 5*b, -j = 2*j + m*b - 354. List the prime factors of j.
2, 3, 5
Let z(u) = -u + 15. Let c be z(-7). Suppose -m - i + c = 0, -3*i - 28 = -3*m + 62. List the prime factors of m.
2, 13
Let b(r) be the first derivative of 21*r**2/2 + 11*r + 15. List the prime factors of b(8).
179
Let v = 43 - 36. Suppose 3*t - v = 86. What are the prime factors of t?
31
Suppose a + 976 = 3*t + t, -2*t = 4*a - 470. Let c = 62 + t. List the prime factors of c.
5, 61
Let d(t) = -6*t + 4. Let p be d(3). Suppose 3*l + f + 12 = 0, 4 = 3*l - 4*l + 2*f. What are the prime factors of p*(l - -8)/(-4)?
2, 7
Let g(i) = 1434*i + 59. Lis